 102215?
5
What is the ten thousands digit of 323865?
2
What is the thousands digit of 37067?
7
What is the units digit of 619503?
3
What is the tens digit of 2343683?
8
What is the units digit of 12856507?
7
What is the units digit of 1185191?
1
What is the hundreds digit of 593404?
4
What is the hundred thousands digit of 15324495?
3
What is the hundreds digit of 4260207?
2
What is the ten thousands digit of 3687813?
8
What is the millions digit of 14031950?
4
What is the hundreds digit of 3417514?
5
What is the hundreds digit of 1311204?
2
What is the hundreds digit of 213411?
4
What is the tens digit of 1944703?
0
What is the units digit of 10174472?
2
What is the units digit of 8763384?
4
What is the units digit of 842287?
7
What is the thousands digit of 2156644?
6
What is the hundred thousands digit of 14576806?
5
What is the thousands digit of 310173?
0
What is the tens digit of 570826?
2
What is the units digit of 267454?
4
What is the hundreds digit of 291643?
6
What is the hundred thousands digit of 27626461?
6
What is the tens digit of 3603831?
3
What is the hundred thousands digit of 11220011?
2
What is the hundred thousands digit of 311740?
3
What is the hundred thousands digit of 5546411?
5
What is the hundreds digit of 53811?
8
What is the hundreds digit of 762994?
9
What is the thousands digit of 3904617?
4
What is the thousands digit of 24713?
4
What is the units digit of 148431?
1
What is the thousands digit of 7567882?
7
What is the hundreds digit of 787437?
4
What is the thousands digit of 487693?
7
What is the ten thousands digit of 80314?
8
What is the tens digit of 3111865?
6
What is the hundred thousands digit of 800820?
8
What is the thousands digit of 2438319?
8
What is the ten thousands digit of 408408?
0
What is the thousands digit of 9063078?
3
What is the hundreds digit of 2277097?
0
What is the hundred thousands digit of 200847?
2
What is the thousands digit of 2081827?
1
What is the tens digit of 20301254?
5
What is the hundred thousands digit of 192395?
1
What is the tens digit of 94610?
1
What is the thousands digit of 257977?
7
What is the tens digit of 2988536?
3
What is the hundred thousands digit of 14186319?
1
What is the thousands digit of 414646?
4
What is the units digit of 4847178?
8
What is the ten thousands digit of 1042040?
4
What is the millions digit of 1770964?
1
What is the thousands digit of 2485601?
5
What is the ten millions digit of 28048623?
2
What is the units digit of 15280315?
5
What is the ten thousands digit of 501528?
0
What is the ten thousands digit of 267275?
6
What is the hundreds digit of 222619?
6
What is the millions digit of 15199662?
5
What is the ten thousands digit of 8151132?
5
What is the tens digit of 780198?
9
What is the thousands digit of 1362878?
2
What is the hundred thousands digit of 132674?
1
What is the thousands digit of 54877?
4
What is the hundreds digit of 9099814?
8
What is the millions digit of 2238221?
2
What is the thousands digit of 204958?
4
What is the ten thousands digit of 2157921?
5
What is the ten thousands digit of 537001?
3
What is the tens digit of 14024694?
9
What is the units digit of 6231389?
9
What is the thousands digit of 210383?
0
What is the ten thousands digit of 2265111?
6
What is the hundred thousands digit of 6048974?
0
What is the hundreds digit of 4709254?
2
What is the ten thousands digit of 4835587?
3
What is the hundreds digit of 54189?
1
What is the ten thousands digit of 493230?
9
What is the units digit of 2063643?
3
What is the tens digit of 142560?
6
What is the ten thousands digit of 4527555?
2
What is the hundred thousands digit of 6246006?
2
What is the hundreds digit of 266052?
0
What is the hundreds digit of 29317553?
5
What is the millions digit of 3457377?
3
What is the tens digit of 8785318?
1
What is the hundreds digit of 8120260?
2
What is the hundreds digit of 684485?
4
What is the hundreds digit of 522475?
4
What is the ten thousands digit of 571015?
7
What is the hundred thousands digit of 882328?
8
What is the thousands digit of 970298?
0
What is the thousands digit of 358217?
8
What is the millions digit of 1181682?
1
What is the millions digit of 2145440?
2
What is the tens digit of 15465892?
9
What is the units digit of 522779?
9
What is the units digit of 32229643?
3
What is the thousands digit of 2460824?
0
What is the tens digit of 2710007?
0
What is the hundreds digit of 111161?
1
What is the hundreds digit of 139381?
3
What is the ten thousands digit of 659018?
5
What is the ten thousands digit of 1632022?
3
What is the hundred thousands digit of 36997966?
9
What is the hundreds digit of 2610?
6
What is the tens digit of 11147296?
9
What is the hundred thousands digit of 961403?
9
What is the ten thousands digit of 440788?
4
What is the hundreds digit of 17787851?
8
What is the units digit of 17934777?
7
What is the thousands digit of 4433927?
3
What is the hundreds digit of 2042069?
0
What is the units digit of 550815?
5
What is the hundreds digit of 831770?
7
What is the tens digit of 16815?
1
What is the hundred thousands digit of 5694482?
6
What is the millions digit of 1431939?
1
What is the hundred thousands digit of 8860699?
8
What is the ten thousands digit of 6933818?
3
What is the units digit of 303641?
1
What is the tens digit of 5909485?
8
What is the hundreds digit of 227673?
6
What is the ten millions digit of 22249318?
2
What is the hundred thousands digit of 397260?
3
What is the thousands digit of 45552?
5
What is the ten thousands digit of 2961569?
6
What is the units digit of 4238063?
3
What is the thousands digit of 1019?
1
What is the ten thousands digit of 471494?
7
What is the tens digit of 40705?
0
What is the units digit of 589144?
4
What is the thousands digit of 306062?
6
What is the hundreds digit of 23815002?
0
What is the hundred thousands digit of 374668?
3
What is the ten thousands digit of 3746720?
4
What is the ten thousands digit of 1169745?
6
What is the tens digit of 1969?
6
What is the ten thousands digit of 4829145?
2
What is the ten thousands digit of 6434518?
3
What is the ten thousands digit of 184820?
8
What is the units digit of 309321?
1
What is the tens digit of 2531362?
6
What is the thousands digit of 7703825?
3
What is the units digit of 8202709?
9
What is the ten thousands digit of 717423?
1
What is the tens digit of 138136?
3
What is the hundred thousands digit of 15167760?
1
What is the units digit of 6869221?
1
What is the ten thousands digit of 3231010?
3
What is the ten thousands digit of 3350266?
5
What is the tens digit of 99854?
5
What is the ten thousands digit of 11601699?
0
What is the units digit of 29404391?
1
What is the hundreds digit of 96562?
5
What is the units digit of 456716?
6
What is the tens digit of 162588?
8
What is the tens digit of 582645?
4
What is the hundred thousands digit of 9187283?
1
What is the thousands digit of 546511?
6
What is the ten thousands digit of 2822942?
2
What is the hundred thousands digit of 3968758?
9
What is the tens digit of 13951363?
6
What is the ten thousands digit of 115769?
1
What is the millions digit of 1637801?
1
What is the ten thousands digit of 4298383?
9
What is the ten thousands digit of 8019173?
1
What is the tens digit of 200933?
3
What is the ten thousands digit of 145094?
4
What is the hundred thousands digit of 1060496?
0
What is the tens digit of 376563?
6
What is the tens digit of 18263248?
4
What is the ten thousands digit of 70868?
7
What is the hundreds digit of 5048046?
0
What is the hundreds digit of 2492062?
0
What is the tens digit of 1111292?
9
What is the tens digit of 32914?
1
What is the hundreds digit of 1975571?
5
What is the ten thousands digit of 446859?
4
What is the ten thousands digit of 336964?
3
What is the hundreds digit of 5468091?
0
What is the hundreds digit of 822882?
8
What is the hundreds digit of 496953?
9
What is the ten thousands digit of 3997313?
9
What is the tens digit of 7210786?
8
What is the units digit of 4507045?
5
What is the thousands digit of 228776?
8
What is the units digit of 59349?
9
What is the units digit of 42205?
5
What is the units digit of 5429223?
3
What is the millions digit of 6922237?
6
What is the millions digit of 177